False
Let c = -10 + -14. Let r = -17 - c. Is r composite?
False
Let a be 4/(-6)*(-6)/2. Is -3 + 5 - (-10 + a) a prime number?
False
Let d be 1/2*(0 - 2). Is d/3 + (-500)/(-6) a composite number?
False
Is (1/4*6)/((-3)/(-502)) a composite number?
False
Let o = 26 + -15. Suppose 7*u + 844 = o*u. Is u a prime number?
True
Let l be 9*(3 + 33/(-9)). Let z(y) = y**2 + 5*y + 9. Is z(l) prime?
False
Suppose n + m = -7, -3*m = -n + m - 2. Let v(h) = h**3 + 7*h**2 - 7*h - 1. Is v(n) composite?
True
Suppose -6*u = -0*u - 966. Is u composite?
True
Is 7444/20 - (-4)/5 a composite number?
False
Is (-947)/(-6) + -3*(-1)/18 prime?
False
Suppose -4*z - k = -z - 17, 3*z + 4*k = 32. Is ((-2)/z)/(2/(-88)) a composite number?
True
Let g = 41 + -14. Suppose -5*h - 5 = 30. Is 2/(-1) - h*g prime?
False
Suppose -4*z = -5*m - 129, -5*z + m - 3*m + 120 = 0. Suppose 5*p - z = -1, -2*p - 5 = -5*j. Suppose 2*g + j*g - 265 = 0. Is g a composite number?
False
Suppose -5*m + 0*m + 40 = 0. Let j be 26/m + (-2)/8. Is -11*j/(-6)*4 composite?
True
Let p = 4 + -10. Let o be ((-32)/p)/(-4)*-6. Let t(z) = -z**3 + 11*z**2 - 8*z - 1. Is t(o) a prime number?
True
Suppose -3*j = -2*j + 1. Let a = 5 + j. Suppose -a*t - 272 = -3*l + t, -t = -5*l + 446. Is l prime?
True
Is (7/(-5))/((-7)/35) a prime number?
True
Let g(p) be the first derivative of 11*p**2/2 - 2*p - 1. Let w be g(2). Let k = 38 + w. Is k composite?
True
Let i = 597 + 120. Is i composite?
True
Let o = -20 - -20. Suppose o = -v + 125 + 56. Is v a composite number?
False
Let r(w) = -w**3 - 6*w**2 - 6*w - 27. Is r(-8) prime?
True
Suppose 0 = 4*z - 58 - 230. Suppose -w - 590 = -5*j, -5*w = 2*j + 3*j - 620. Let p = j - z. Is p a prime number?
True
Suppose i + 3100 = 6*k - k, -i = -2*k + 1237. Is ((-4)/12)/((-3)/k) prime?
False
Suppose 5*m - 786 = 3*m. Suppose 0 = 2*l - f - m, -4*l + l - 2*f = -572. Is l prime?
False
Let j = 3536 + -47. Is j prime?
False
Let u(s) = 1260*s + 13. Is u(3) prime?
True
Suppose -2*w + 3*w + 4 = 0, 2*j + 2*w = 74. Suppose 3*b - 2*i = -4*i + j, -3*i + 34 = 2*b. Is b composite?
False
Let b(q) = -3*q - 7. Let a be b(-12). Let c = a + 17. Is c composite?
True
Let o(d) = -103*d + 1. Is o(-4) a composite number?
True
Let m(q) = 11*q**3 - 3*q**2 + 13*q - 13. Is m(6) a prime number?
True
Let a be 84 - 0*2/(-4). Let f = a - -7. Is f a composite number?
True
Suppose -3*g = 2*s + 32, 4*g = -0*g - 2*s - 40. Let n(z) = 7*z**2 - 13*z - 9. Let x be n(g). Suppose 2*j + 5*f = 237, 0*f + x = 5*j - 4*f. Is j a prime number?
False
Suppose -22 = -5*k - 7. Suppose -2*o = -5*s - 318, 5*s + 417 + 50 = k*o. Is o a prime number?
True
Let a = 47 - -6. Is a a composite number?
False
Let k be (-3)/15 + 38/(-10). Let h = k + 39. Is h a composite number?
True
Let a = 12 - -22. Let h = 87 - a. Is h a prime number?
True
Let c be 24/(-16)*2/(-3). Suppose -2 = -3*h + c, 87 = q + 4*h. Is q a prime number?
True
Suppose -3*q - 2 = 4*w, q - 8 = 3*w - 0. Suppose 0 = -x + 4 + q. Is x a composite number?
True
Let x = 4720 + -2901. Is x prime?
False
Let n be (-1 - (-3)/1) + -7. Let g(v) = v**3 + 7*v**2 - 5*v + 3. Let f be g(n). Let x = f - 41. Is x a prime number?
True
Let k = 10 + -10. Let l be (-2)/(k - 3/(-9)). Let u = 4 - l. Is u a composite number?
True
Let v = 20 + -20. Suppose v = 5*f + 963 - 3308. Is f composite?
True
Let c(n) = 33*n - 4. Suppose 40 = 5*w - w. Is c(w) a composite number?
True
Suppose o - 94 = -5*d + 71, 2*o + 2*d - 298 = 0. Is o composite?
True
Let i be 59436/60 + 2/5. Suppose -181 = -4*u + i. Is u a composite number?
False
Let k(n) = 22*n**2 - 4*n - 17. Is k(-5) a prime number?
False
Let m(o) = 8*o**2 + 5 - 3 + 6*o - 5. Is m(4) composite?
False
Let r(c) be the third derivative of 73*c**5/30 - c**4/24 - 3*c**2. Let d = -4 - -5. Is r(d) a prime number?
False
Let v = -14 - -32. Let r(a) = -2*a + 8. Let x be r(-9). Is 27/v*x/3 a composite number?
False
Is ((-3)/6)/(-1)*106 a prime number?
True
Suppose -129 = -s + 50. Is s composite?
False
Let w = -15 + 25. Is w composite?
True
Let i be ((-8)/6)/((-3)/(-99)). Let h = i + 77. Is h a prime number?
False
Is 41/((2/(-4))/(-1)) a prime number?
False
Let z(c) = c**3 - 2*c**2 + c + 1. Let g be z(2). Suppose 0 = g*h + 5*q - 1335, 5*q - q = 0. Suppose u - h = -4*u. Is u prime?
True
Suppose -408 = m + 7*m. Let u = 11 + 97. Let x = m + u. Is x a composite number?
True
Suppose b - 3*b + 586 = 0. Is b composite?
False
Let s(j) = j**3 + 6*j**2 - j - 1. Let x be s(-6). Suppose 184 + 13 = 4*t - 3*d, -5*d - 240 = -x*t. Let k = t + -31. Is k a prime number?
False
Suppose -5*j + 2153 = -x, -2*j + 5*j = -2*x + 1297. Is j composite?
False
Let f(l) = 294*l - 5. Is f(1) prime?
False
Let m(n) = n + 11. Let a be m(-8). Let i = a + 11. Is i a prime number?
False
Let d(u) = -2*u**2 + 9*u - 6. Let c be d(6). Is c*(-1 - 0) - 1 a composite number?
False
Let r = -4 - -13. Suppose -2*q + r = -9. Let k = q - -26. Is k composite?
True
Let t(q) = 21*q**3 - 7*q**2 - 5*q - 1. Let p(i) = -62*i**3 + 20*i**2 + 14*i + 3. Let x(m) = -6*p(m) - 17*t(m). Is x(1) a prime number?
False
Is (-1 - 4*(-50 + -3)) + 2 prime?
False
Let l(z) = -330*z + 47. Is l(-9) a composite number?
True
Let p be 1*(1 + 3) + 0. Suppose 2*h = 4*s - 4, p*s = 5 + 7. Suppose h*l - 132 = 8. Is l a composite number?
True
Let q(t) = -2*t**2 + t. Let a be q(2). Is 1/3 + (-1108)/a composite?
True
Suppose -7*g + 35 = -7. Is g prime?
False
Let w = 16 + -11. Is (-1)/3*(-135)/w a composite number?
True
Suppose -5*v + 2*v = -3*g + 1680, -572 = -g + 5*v. Is g prime?
True
Let f = 805 + -424. Is f a prime number?
False
Let r(t) = -t**3 + 5*t**2 - 2*t - 5. Let f be r(4). Suppose c - 5*s - 14 = 0, -s = f*c - c - 39. Is c a composite number?
False
Suppose -5*f = -25, -445 = -5*k + f + 865. Is k a prime number?
True
Suppose 0 = 4*n - 2 + 10, -3*n = 4*l - 502. Is l composite?
False
Suppose -6*y + 7556 = 2054. Is y composite?
True
Let t = -2763 + 7841. Is t a prime number?
False
Suppose -349 = -u - 51. Is u composite?
True
Suppose z - 3*j - 134 = 0, 5*z - 720 = -0*j + 5*j. Is (z - (-1 - -1))*1 a prime number?
True
Let w(f) = f**3 - 4*f**2 + 2*f - 5. Suppose 5*q = q - 36. Let r = -5 - q. Is w(r) a composite number?
False
Suppose -4*z + 8 = 0, 4*i + 0*i + 5*z - 3350 = 0. Is i a prime number?
False
Let r(k) be the third derivative of -k**6/60 - k**5/30 - k**4/8 - 2*k**3/3 - 3*k**2. Is r(-5) a composite number?
False
Let f be (4 - 1)*(2 - 1). Let p(i) = f*i + 7*i**2 - 3*i - i + 2 - i**3 + 2. Is p(6) a composite number?
True
Let i(c) = -15*c + 2. Let g(v) = 5*v**3 - v**2 - 2*v - 1. Let o be g(-1). Is i(o) a prime number?
False
Suppose 2625 = 8*t - 3*t. Let f = -34 + t. Is f a prime number?
True
Let l be 2/6 + (-58)/(-6). Suppose 0 = 5*d - 15 - l. Suppose x - 3 = 2*x, k = d*x + 182. Is k prime?
True
Is 2/(-12)*-2*33 composite?
False
Let d = 141 - 290. Is (-4 - -4)/(-3) - d a composite number?
False
Suppose -2*k + 2*p + 3470 = 0, 0 = 3*k + 2*p - 4*p - 5203. Is k a prime number?
True
Let u(c) = c**2 - 9*c + 1. Let h be u(6). Let v = 73 - 34. Let x = h + v. Is x a prime number?
False
Is (-19798)/(-6) + (-12)/18 composite?
False
Let a be (-1)/(-3) + (-1)/3. Suppose a = 2*v + 5*r - 527, 3*v - 3*r - 989 = -v. Is v composite?
False
Let a be (-2)/(1/((-250)/(-4))). Let l = 178 + a. Is l a composite number?
False
Let q(v) = v**3 - 3*v**2 - 5*v + 8. Let i(s) = -3*s**3 + 9*s**2 + 15*s - 23. Let n(g) = 6*i(g) + 17*q(g). Let j be n(4). Let t(p) = 24*p + 1. Is t(j) composite?
True
Let u(x) = -x**2 + x + 1. Let i be u(-1). Let l be 88 + (3 - (2 + i)). Suppose 6*w = w + 5*q + l, 2*q - 55 = -5*w. Is w a composite number?
False
Let c(l) = 26*l**2 + 3*l + 1. Let z be (-1 - 2)/((-5)/(-10)). Is c(z) prime?
True
Let x(p) = p**3 + 9*p**2 - 4*p + 1. Let z be 37/(-4) - 3/(-12). Is x(z) prime?
True
Suppose -8*k - 18 + 90 = 0. Is k prime?
False
Suppose -b - 2*b + 6 = 0. Let a(v) = -10*v + 2 + 0 + b*v. Is a(-3) a prime number?
False
Let y = -194 - -394. Let k = -36 + y. Let f = k + -85. Is f composite?
False
Suppose 2*s = 4*s + 4. Let d be 22/4 + 1/s. Is 5*(-1 - (-9)/d) prime?
False
Let m(r) = 102*r + 9. Let x be m(-7). Let h = 1036 + x. Is h prime?
True
Let d = -7 - -12. Suppose -7*w + d*w = -110. Is w prime?
False
Suppose -5*o - 1685 = -6*o. Is o prime?
False
Is ((-69)/(-3))/((-9)/(-18)) a com